when 26974 is divided by 48.
46
What is the remainder when 10208 is divided by 38?
24
Calculate the remainder when 2260 is divided by 737.
49
Calculate the remainder when 372839 is divided by 10.
9
Calculate the remainder when 27317 is divided by 4549.
23
What is the remainder when 1145 is divided by 155?
60
Calculate the remainder when 47808 is divided by 302.
92
Calculate the remainder when 30864 is divided by 15414.
36
What is the remainder when 133420 is divided by 568?
508
Calculate the remainder when 5415 is divided by 166.
103
What is the remainder when 189791 is divided by 144?
143
Calculate the remainder when 8439 is divided by 2794.
57
What is the remainder when 1847 is divided by 548?
203
What is the remainder when 903458 is divided by 199?
197
What is the remainder when 783629 is divided by 251?
7
What is the remainder when 5051 is divided by 360?
11
What is the remainder when 123194 is divided by 70?
64
What is the remainder when 65954 is divided by 6?
2
Calculate the remainder when 31419 is divided by 15691.
37
What is the remainder when 181 is divided by 46?
43
What is the remainder when 296657 is divided by 254?
239
What is the remainder when 6118 is divided by 3?
1
Calculate the remainder when 394 is divided by 69.
49
What is the remainder when 918 is divided by 423?
72
Calculate the remainder when 20074 is divided by 124.
110
Calculate the remainder when 432326 is divided by 26.
24
What is the remainder when 4849 is divided by 421?
218
Calculate the remainder when 19526 is divided by 72.
14
Calculate the remainder when 332985 is divided by 814.
59
What is the remainder when 29408 is divided by 15?
8
What is the remainder when 19915 is divided by 48?
43
What is the remainder when 47718 is divided by 4335?
33
What is the remainder when 585128 is divided by 45?
38
Calculate the remainder when 298293 is divided by 154.
149
Calculate the remainder when 2905 is divided by 123.
76
What is the remainder when 87645 is divided by 132?
129
Calculate the remainder when 3104767 is divided by 44.
39
Calculate the remainder when 322744 is divided by 85.
84
What is the remainder when 75582 is divided by 201?
6
Calculate the remainder when 4971 is divided by 4328.
643
What is the remainder when 1070 is divided by 737?
333
What is the remainder when 27989 is divided by 17?
7
Calculate the remainder when 50641 is divided by 7228.
45
Calculate the remainder when 4480 is divided by 44.
36
What is the remainder when 26560 is divided by 473?
72
Calculate the remainder when 8797 is divided by 67.
20
Calculate the remainder when 12312 is divided by 100.
12
What is the remainder when 11858 is divided by 11774?
84
Calculate the remainder when 5841 is divided by 234.
225
Calculate the remainder when 234053 is divided by 100.
53
What is the remainder when 317433 is divided by 158712?
9
Calculate the remainder when 21624 is divided by 1326.
408
What is the remainder when 1836 is divided by 110?
76
What is the remainder when 10526719 is divided by 1024?
1023
What is the remainder when 981 is divided by 177?
96
Calculate the remainder when 437231 is divided by 24.
23
Calculate the remainder when 285356 is divided by 123.
119
What is the remainder when 50461 is divided by 353?
335
Calculate the remainder when 3663 is divided by 97.
74
Calculate the remainder when 753 is divided by 251.
0
What is the remainder when 23668 is divided by 230?
208
Calculate the remainder when 545991 is divided by 90996.
15
What is the remainder when 1205397 is divided by 492?
489
Calculate the remainder when 5139 is divided by 1709.
12
What is the remainder when 503426 is divided by 251712?
2
Calculate the remainder when 267517 is divided by 128.
125
What is the remainder when 203852 is divided by 62?
58
What is the remainder when 255447 is divided by 1?
0
Calculate the remainder when 6138492 is divided by 224.
220
What is the remainder when 454332 is divided by 761?
15
What is the remainder when 1553 is divided by 325?
253
What is the remainder when 7143 is divided by 5?
3
What is the remainder when 46474 is divided by 1549?
4
Calculate the remainder when 1755 is divided by 271.
129
What is the remainder when 20259 is divided by 2893?
8
What is the remainder when 6993 is divided by 16?
1
Calculate the remainder when 35696 is divided by 300.
296
Calculate the remainder when 17883 is divided by 153.
135
What is the remainder when 3616 is divided by 254?
60
What is the remainder when 7712 is divided by 1009?
649
Calculate the remainder when 44356 is divided by 2464.
4
Calculate the remainder when 296643 is divided by 98.
95
Calculate the remainder when 754 is divided by 27.
25
What is the remainder when 58704 is divided by 233?
221
What is the remainder when 1092 is divided by 1038?
54
What is the remainder when 3182 is divided by 180?
122
What is the remainder when 299367 is divided by 3?
0
Calculate the remainder when 11295 is divided by 3752.
39
Calculate the remainder when 10122 is divided by 123.
36
What is the remainder when 544556 is divided by 13?
12
What is the remainder when 505 is divided by 21?
1
What is the remainder when 20923 is divided by 69?
16
Calculate the remainder when 7299 is divided by 487.
481
What is the remainder when 2635 is divided by 329?
3
Calculate the remainder when 64967 is divided by 14.
7
Calculate the remainder when 27575 is divided by 123.
23
What is the remainder when 144270 is divided by 71?
69
What is the remainder when 91413 is divided by 1385?
3
Calculate the remainder when 2752 is divided by 282.
214
What is the remainder when 589148 is divided by 34?
30
What is the remainder when 101531 is divided by 259?
3
What is the remainder when 100643 is divided by 43?
23
What is the remainder when 9772157 is divided by 1063?
1061
What is the remainder when 14784 is divided by 19?
2
Calculate the remainder when 21249 is divided by 257.
175
What is the remainder when 5550 is divided by 931?
895
Calculate the remainder when 18311 is divided by 14.
13
Calculate the remainder when 157 is divided by 82.
75
Calculate the remainder when 1255 is divided by 1249.
6
What is the remainder when 451753 is divided by 75291?
7
What is the remainder when 222 is divided by 10?
2
Calculate the remainder when 63623 is divided by 63622.
1
Calculate the remainder when 1754 is divided by 1730.
24
What is the remainder when 539898 is divided by 50?
48
What is the remainder when 5255 is divided by 202?
3
Calculate the remainder when 1520 is divided by 380.
0
What is the remainder when 36535 is divided by 609?
604
Calculate the remainder when 241086 is divided by 221.
196
Calculate the remainder when 8281 is divided by 380.
301
Calculate the remainder when 1270 is divided by 115.
5
What is the remainder when 2229 is divided by 250?
229
What is the remainder when 149185 is divided by 37294?
9
Calculate the remainder when 1895 is divided by 197.
122
What is the remainder when 4023912 is divided by 21?
18
What is the remainder when 395 is divided by 19?
15
Calculate the remainder when 11244 is divided by 624.
12
Calculate the remainder when 10943 is divided by 95.
18
Calculate the remainder when 20051 is divided by 28.
3
Calculate the remainder when 3994 is divided by 23.
15
Calculate the remainder when 9092 is divided by 61.
3
What is the remainder when 11208 is divided by 42?
36
What is the remainder when 897 is divided by 47?
4
Calculate the remainder when 57553 is divided by 606.
589
What is the remainder when 63833 is divided by 7952?
217
What is the remainder when 971775 is divided by 256?
255
What is the remainder when 72136 is divided by 4802?
106
What is the remainder when 1307 is divided by 296?
123
What is the remainder when 435934 is divided by 3182?
0
Calculate the remainder when 299262 is divided by 870.
852
What is the remainder when 12028 is divided by 943?
712
Calculate the remainder when 2042 is divided by 595.
257
Calculate the remainder when 6966018 is divided by 379.
377
Calculate the remainder when 216314 is divided by 31.
27
What is the remainder when 39103 is divided by 495?
493
Calculate the remainder when 47075 is divided by 22.
17
Calculate the remainder when 2610 is divided by 2108.
502
What is the remainder when 398126 is divided by 15?
11
Wha